*2 + m + 5. Determine j(3).
-1
Let w(q) = 4*q - 22. Calculate w(6).
2
Let y(g) = 2*g**2 - 4*g + 2. What is y(4)?
18
Let j(t) = t**3 + 7*t**2 - 5*t - 53. Determine j(-6).
13
Let x(t) = t**3 + 10*t**2 + 14*t + 6. Determine x(-9).
-39
Let h(s) = -11*s - 7. Calculate h(16).
-183
Let d(m) = -49*m**2 + 4*m - 3. Give d(1).
-48
Let g(i) = -i**3 - 6*i**2 + 3*i + 6. What is g(-3)?
-30
Let p(t) = t**3 - 10*t**2 + 10*t - 8. Calculate p(9).
1
Let b(l) = l**3 - 23*l**2 + 22*l. Determine b(22).
0
Let h(b) = b**3 - 4*b**2 + 4. Calculate h(3).
-5
Let c(l) = -l**3 - 7*l**2 + 7*l. Determine c(-8).
8
Let b(m) = -3*m**2 - 28*m - 12. What is b(-11)?
-67
Let a(b) = -b**2 - 2*b - 5. Give a(2).
-13
Let c(l) = l**2 - 14*l + 32. What is c(8)?
-16
Let c(h) = 10*h + 64. Calculate c(-7).
-6
Let l(m) = 10*m - 76. Give l(7).
-6
Let a(j) = -6*j**2 + 67*j - 111. Give a(9).
6
Let d(x) = -x**3 + 7*x**2 - 6*x + 7. What is d(6)?
7
Let f(m) = 3*m**2 + m + 8. Calculate f(-2).
18
Let d(r) = r**3 + 15*r**2 + 27*r + 18. Determine d(-13).
5
Let n(r) = -3*r**2 - 7*r + 22. Give n(-5).
-18
Let o(y) = 148*y - 1. What is o(0)?
-1
Let f(t) = 2*t**3 + 3*t**2 - t + 4. Calculate f(-3).
-20
Let i(h) = h**2 + 12*h - 9. Calculate i(-9).
-36
Let c(g) = -3*g - 24. What is c(0)?
-24
Let y(u) = -2*u - 5. Give y(-5).
5
Let n(y) = 7*y - 4. Give n(-7).
-53
Let z(x) = -5*x + 9. What is z(8)?
-31
Let k(m) = m**2 + 1. Calculate k(0).
1
Let t(c) = -2*c**2 + 52*c + 56. Determine t(27).
2
Let y(x) = 7*x**2 - 462*x + 3. Calculate y(66).
3
Let c(l) = -l**3 - 4*l**2 + 7*l + 20. What is c(-5)?
10
Let i(u) = 11*u + 89. What is i(-8)?
1
Let i(y) = -y**3 - 10*y**2 - 10*y - 9. Calculate i(-9).
0
Let j(n) = -20*n**2 - 1. Determine j(-1).
-21
Let r(l) = -10*l - 12. Calculate r(-4).
28
Let w(d) = d**3 - 7*d**2 + 20*d - 50. Determine w(5).
0
Let f(x) = x + 11. Calculate f(-8).
3
Let c(y) = y**2 - 12*y + 23. Give c(12).
23
Let d(q) = q**2 + 6*q + 3. Calculate d(-6).
3
Let u(m) = -3*m**2 - 4*m + 1. Give u(-5).
-54
Let t(f) = f**3 - 7*f**2 + f + 33. Calculate t(6).
3
Let l(x) = 3*x**3 + 9*x**2 + 8*x - 9. Calculate l(-5).
-199
Let h(l) = -5*l**2 - 9*l + 3. Give h(-4).
-41
Let m(g) = -g**3 - 5*g**2 - 5*g. Determine m(-4).
4
Let y(g) = -8*g - 6. Give y(7).
-62
Let p(m) = -12*m - 691. Calculate p(-56).
-19
Let k(b) = -2*b - 17. Determine k(-7).
-3
Let u(q) = -q**2 - 21*q - 52. Determine u(-4).
16
Let d(o) = 59*o - 2. Calculate d(0).
-2
Let k(f) = f**3 - 6*f**2 - 6*f + 8. Give k(6).
-28
Let z(r) = 11*r + 198. Determine z(-18).
0
Let n(i) = -i**2 + 7*i + 1. Determine n(7).
1
Let q(b) = -2*b**2 - 14*b + 15. What is q(6)?
-141
Let l(r) = -r - 5. Calculate l(-7).
2
Let h(p) = p**3 - 9*p**2 - 6*p - 19. What is h(8)?
-131
Let l(f) = -f**3 - 7*f**2 + 6*f - 26. Calculate l(-8).
-10
Let r(z) = -z**3 + 6*z**2 - 19*z + 103. Calculate r(6).
-11
Let g(i) = 21*i - 9. Determine g(0).
-9
Let c(l) = -l - 4. Determine c(0).
-4
Let d(l) = -41*l - 457. Calculate d(-11).
-6
Let f(m) = m**3 - 5*m**2 + m - 3. What is f(3)?
-18
Let u(x) = -x**3 + 13*x**2 - 11*x - 1. Calculate u(13).
-144
Let y(m) = 33*m**2 + 2*m - 3. What is y(1)?
32
Let k(g) = -3*g**2 + 2*g + 8. What is k(-2)?
-8
Let v(g) = g**3 + 7*g**2 + 4*g - 2. Determine v(-2).
10
Let b(v) = -18*v - 826. Calculate b(-46).
2
Let y(c) = c**3 - 12*c**2 + 10*c - 9. What is y(11)?
-20
Let q(v) = 9*v - 4. Calculate q(4).
32
Let k(f) = 8*f**2 - f. What is k(1)?
7
Let g(b) = 8*b**2 + 47*b - 14. What is g(-6)?
-8
Let k(f) = 5*f - 20. What is k(3)?
-5
Let w(c) = c**3 - 2*c**2 + 2*c + 5. What is w(4)?
45
Let b(a) = -a**3 - 4*a**2 + 2*a. What is b(3)?
-57
Let g(v) = -v**3 + 52*v**2 - 56*v + 259. Calculate g(51).
4
Let y(g) = -g**2 + 8*g - 7. Calculate y(5).
8
Let i(p) = 157*p - 314. What is i(2)?
0
Let s(x) = -x**3 - 32*x**2 - 32*x - 42. Give s(-31).
-11
Let z(g) = 3*g**2 + 8*g + 3. Calculate z(-3).
6
Let m(p) = p**3 + 12*p**2 + 10*p - 15. What is m(-11)?
-4
Let b(y) = 12*y - 45. Calculate b(4).
3
Let f(s) = -2*s - 18. Determine f(-11).
4
Let i(c) = -8*c - 484. Determine i(-60).
-4
Let w(i) = 2*i - 11. What is w(8)?
5
Let p(r) = r**3 - 13*r**2 + 8*r + 29. Calculate p(12).
-19
Let k(j) = 6*j - 22. Give k(7).
20
Let o(y) = -9*y + 3. Give o(1).
-6
Let m(y) = -21*y - 61. What is m(-3)?
2
Let x(j) = -2*j - 3. Calculate x(-14).
25
Let r(l) = l**3 + 5*l**2 - 8*l - 10. Calculate r(-6).
2
Let l(i) = i**2 - 11*i - 116. Determine l(-5).
-36
Let i(m) = 2*m**2 + 23*m + 20. Give i(-11).
9
Let n(c) = c**3 + 6*c - 18. Calculate n(0).
-18
Let m(a) = a**3 - 10*a**2 + 8*a + 4. Determine m(9).
-5
Let y(k) = -57*k + 581. What is y(10)?
11
Let f(s) = -10*s - 105. Determine f(-12).
15
Let n(j) = -j**3 - 6*j**2 + 4*j + 10. Give n(-5).
-35
Let l(y) = -y**3 + 6*y**2 - 16*y - 5. What is l(4)?
-37
Let p(y) = 2*y - 16. What is p(10)?
4
Let a(t) = -98*t - 3. Give a(1).
-101
Let t(n) = -n**3 + 5*n**2 - n - 1. Determine t(6).
-43
Let g(p) = -6*p + 43. Calculate g(9).
-11
Let a(t) = -t**3 + 6*t**2 - t - 9. What is a(6)?
-15
Let a(l) = l**2 - l + 18. What is a(-4)?
38
Let f(j) = j**3 - 8*j**2 + 5*j + 21. What is f(7)?
7
Let w(a) = -4*a**2 + 2*a. Calculate w(-2).
-20
Let h(u) = -6*u - 33. Determine h(-8).
15
Let z(j) = -j**2 - 11*j - 18. Determine z(-8).
6
Let q(b) = -4*b**2 + 22*b - 4. Give q(5).
6
Let j(s) = -2*s**3 - 6*s**2 - 7*s - 8. Give j(-5).
127
Let r(i) = i**2 - 11*i - 13. Determine r(11).
-13
Let b(z) = z**3 + 4*z**2 + 10*z + 9. Determine b(-5).
-66
Let r(k) = k**3 - 8*k**2 + 2*k. Give r(8).
16
Let p(x) = -2*x**2 - 2*x - 7. Determine p(-6).
-67
Let q(n) = -10*n + 1. Give q(-2).
21
Let r(k) = 12*k - 53. Give r(6).
19
Let t(r) = 16*r - 36. Calculate t(3).
12
Let u(a) = 86*a - 259. Determine u(3).
-1
Let w(k) = k**2 - 12*k + 6. Determine w(7).
-29
Let r(s) = -4*s + 10. Determine r(5).
-10
Let z(n) = -2*n + 15. Calculate z(9).
-3
Let s(c) = 11*c**2 - 8. Determine s(-2).
36
Let o(b) = -b**2 + b + 12. Determine o(4).
0
Let x(n) = -n**3 + 5*n**2 + 10*n + 5. Calculate x(-2).
13
Let h(u) = -23*u + 313. Determine h(14).
-9
Let r(l) = l**3 - 6*l**2 - l + 7. Give r(6).
1
Let a(m) = -3*m**2 - 1. Determine a(1).
-4
Let o(f) = -3*f**2 + 5*f - 3. Determine o(3).
-15
Let o(h) = -h + 69. What is o(16)?
53
Let f(h) = 16*h - 119. Give f(7).
-7
Let t(x) = -x**2 + 9*x - 4. What is t(7)?
10
Let s(y) = 20*y - 10. What is s(3)?
50
Let q(x) = -x**3 + 7*x**2 - x - 3. Calculate q(7).
-10
Let b(p) = -p**3 - 12*p**2 - 2*p - 17. Determine b(-12).
7
Let q(u) = -u - 3. Calculate q(-7).
4
Let t(y) = -17*y. Give t(1).
-17
Let n(c) = 2*c**3 + 3*c**2 - 5*c - 7. What is n(-2)?
-1
Let c(f) = -17*f**2 + 3*f + 2. Calculate c(1).
-12
Let s(q) = -q**3 + 3*q**2 - 5*q + 5. Determine s(2).
-1
Let v(b) = -b**3 - 4*b**2 + 13*b + 8. What is v(-6)?
2
Let p(d) = -2*d + 14. Calculate p(5).
4
Let m(n) = -7*n + 66. Determine m(11).
-11
Let y(g) = -g**2 + 22*g + 52. Calculate y(24).
4
Let i(s) = -s**2 + 15*s + 22. What is i(16)?
6
Let m(t) = -2*t**2 + 3*t - 1. What is m(1)?
0
Let c(p) = 15*p**3 - 2*p**2 - p. Determine c(-1).
-16
Let a(s) = -s**3 - 8*s**2 - 9*s - 10. What is a(-7)?
4
Let y(w) = -w**2 + 12*w + 15. What is y(14)?
-13
Let s(x) = x**2 + 24*x + 39. Determine s(-22).
-5
Let y(x) = x**2 + 12*x + 63. Calculate y(-14).
91
Let d(p) = -4*p - 41. What is d(-5)?
-21
Let f(g) = -g**3 + 5*g**2 + 22*g + 6. What is f(8)?
-10
Let r(v) = v**3 - 8*v**2 + 5*v + 10. Determine r(7).
-4
Let c(j) = -j**2 - 8*j - 16. Calculate c(-6).
-4
Let z(s) = 4*s**3 - 4*s - 3. Give z(-2).
-27
Let m(c) = c**3 - 23*c**2 + 20*c + 40. Give m(22).
-4
Let u(t) = -3*t - 7. Give u(-6).
11
Let o(k) = -5*k + 4. Give o(2).
-6
Let o(s) = -s**2 - 4*s + 8. What is o(-5)?
3
Let r(h) = -15*h + 17. Give r(0).
17
Let x(w) = -w**3 - 6*w**2 + 6*w - 4. Determine x(-7).
3
Let m(r) = -r**3 - 34*r**2 + r + 46. What is m(-34)?
12
Let v(u) = -u**2 - 16*u + 112. Determine v(5).
7
Let t(o) = o**2 + 7*o - 11. What is t(-8)?
-3
Let u(g) = -4*g + 18. Determine u(14).
-38
Let y(g) = -15*g - 460. Determine y(-31).
5
Let g(n) = -3*n**3 - 60*n**2 + n + 28. Determine g(-20).
8
Let o(d) = d**2 + 6*d + 6. Calculate o(-3).
-3
Let g(a) = 14*a - 47. What is g(10)?
93
Let l(y) = -51*y - 358. Determine l(-7).
-1
Let t(i) = -i**2 - 7*i + 10. Give t(-8).
2
Let z(r) = 5*r - 42. Determine z(-16).
-122
Let r(u) = -u**3 + 5*u**2 + 2*u + 7. Determine r(5)